?
2, 13, 257, 48589
What are the prime factors of 1548452468?
2, 937, 413141
List the prime factors of 3892178798.
2, 17, 29, 43, 91801
What are the prime factors of 52287314?
2, 26143657
What are the prime factors of 1891598952?
2, 3, 37, 523, 4073
What are the prime factors of 912900673?
53, 1619, 10639
List the prime factors of 32067158.
2, 281, 57059
List the prime factors of 74889225.
3, 5, 110947
List the prime factors of 606348101.
163, 1097, 3391
List the prime factors of 34647503.
11, 37, 71, 109
What are the prime factors of 16782331?
167, 100493
What are the prime factors of 127671355?
5, 7, 19, 113, 1699
What are the prime factors of 2050731047?
19, 3517, 30689
List the prime factors of 21237918.
2, 3, 13, 29, 41, 229
What are the prime factors of 4196440456?
2, 13, 241, 167429
What are the prime factors of 572438256?
2, 3, 13, 863, 1063
List the prime factors of 104450335.
5, 11, 229, 8293
What are the prime factors of 112274200?
2, 5, 227, 2473
What are the prime factors of 1833724629?
3, 11, 167, 3361
List the prime factors of 1778496394.
2, 889248197
List the prime factors of 318273238.
2, 149, 419, 2549
What are the prime factors of 10204456?
2, 23, 31, 1789
What are the prime factors of 152978469?
3, 7, 7284689
What are the prime factors of 1094056597?
479, 2284043
What are the prime factors of 67019550?
2, 3, 5, 13, 34369
List the prime factors of 202956259.
11, 43, 429083
List the prime factors of 88729222.
2, 17, 2609683
What are the prime factors of 18141145?
5, 11, 499, 661
What are the prime factors of 39624431?
7, 11, 47, 10949
List the prime factors of 2614028588.
2, 19, 229, 150197
What are the prime factors of 404844305?
5, 19, 4261519
List the prime factors of 135972950.
2, 5, 2719459
What are the prime factors of 2610019424?
2, 4967, 16421
List the prime factors of 1056326585.
5, 5347, 39511
List the prime factors of 85150579.
37, 127, 18121
What are the prime factors of 94734056?
2, 23, 514859
What are the prime factors of 532484346?
2, 3, 131, 677461
What are the prime factors of 17917317?
3, 11, 16453
What are the prime factors of 88130600?
2, 5, 440653
List the prime factors of 5791727.
79, 167, 439
List the prime factors of 261275725.
5, 109, 95881
What are the prime factors of 49091545?
5, 23, 157, 2719
What are the prime factors of 204183818?
2, 83, 1230023
What are the prime factors of 2845509433?
13, 1231, 177811
What are the prime factors of 577380949?
19, 443, 68597
What are the prime factors of 104124729?
3, 34708243
List the prime factors of 51361854.
2, 3, 31, 461, 599
What are the prime factors of 1716894764?
2, 13, 151, 218657
What are the prime factors of 23731279?
11, 13, 263, 631
What are the prime factors of 94559052?
2, 3, 7, 31, 36313
List the prime factors of 150313151.
1153, 130367
What are the prime factors of 5309992?
2, 41, 16189
What are the prime factors of 47133640?
2, 5, 31, 38011
List the prime factors of 101799725.
5, 23, 177043
What are the prime factors of 2889202?
2, 197, 7333
What are the prime factors of 922483159?
13, 70960243
List the prime factors of 8407345.
5, 1681469
List the prime factors of 183894128.
2, 11, 761, 1373
What are the prime factors of 1308049148?
2, 7, 19, 131, 137
What are the prime factors of 4074091?
7, 582013
What are the prime factors of 80152863?
3, 7, 3816803
What are the prime factors of 9519526?
2, 163, 29201
List the prime factors of 377745518.
2, 4201, 44959
What are the prime factors of 59298082?
2, 67, 547, 809
List the prime factors of 237815494.
2, 7, 71, 239251
What are the prime factors of 200992163?
47, 4276429
What are the prime factors of 1906420336?
2, 119151271
List the prime factors of 18283941.
3, 13, 4007
What are the prime factors of 32214808?
2, 317, 12703
List the prime factors of 103306033.
29, 83, 167, 257
What are the prime factors of 77060738?
2, 4663, 8263
List the prime factors of 61400214.
2, 3, 971, 1171
List the prime factors of 3526934802.
2, 3, 47, 1493, 8377
List the prime factors of 2640314875.
5, 11, 103, 181
What are the prime factors of 22661779?
7, 3237397
What are the prime factors of 17220776?
2, 103, 20899
What are the prime factors of 655709490?
2, 3, 5, 7285661
List the prime factors of 173609876.
2, 11, 1069, 3691
List the prime factors of 381844962.
2, 3, 97, 269, 271
List the prime factors of 678945109.
678945109
What are the prime factors of 46875329?
83, 659, 857
What are the prime factors of 121384105?
5, 24276821
What are the prime factors of 5724318853?
11, 41, 12692503
List the prime factors of 190338549.
3, 63446183
List the prime factors of 253374988.
2, 4243, 14929
List the prime factors of 121950055.
5, 2237, 10903
List the prime factors of 6534026398.
2, 17, 151, 653, 1949
List the prime factors of 1761199280.
2, 5, 31, 41, 17321
List the prime factors of 52055060.
2, 5, 19, 136987
What are the prime factors of 52326395?
5, 11, 951389
List the prime factors of 9139544.
2, 31, 137, 269
What are the prime factors of 2249020407?
3, 61, 367, 33487
List the prime factors of 3602564615.
5, 13, 6983, 7937
What are the prime factors of 806831967?
3, 268943989
What are the prime factors of 25115955?
3, 5, 67, 373
List the prime factors of 1800649442.
2, 229, 1181, 3329
List the prime factors of 1557992430.
2, 3, 5, 2843, 6089
List the prime factors of 65220815.
5, 11, 67, 1609
What are the prime factors of 103323330?
2, 3, 5, 11, 19, 1831
What are the prime factors of 603736113?
3, 17, 11837963
What are the prime factors of 25064763?
3, 2477, 3373
What are the prime factors of 1188801356?
2, 297200339
List the prime factors of 109497107.
4049, 27043
List the prime factors of 3687578.
2, 1843789
What are the prime factors of 25388474?
2, 389, 32633
List the prime factors of 7160621.
13, 17, 32401
List the prime factors of 448070022.
2, 3, 83, 99971
List the prime factors of 359259034.
2, 23, 7809979
What are the prime factors of 680206002?
2, 3, 7, 23, 37, 19031
What are the prime factors of 2083488528?
2, 3, 11, 29, 136069
What are the prime factors of 42861620?
2, 5, 2143081
List the prime factors of 455057439.
3, 151685813
List the prime factors of 189920665.
5, 11, 97, 367
What are the prime factors of 32852080?
2, 5, 410651
List the prime factors of 2683296309.
3, 607, 1473529
List the prime factors of 3032111959.
17, 2999, 59473
What are the prime factors of 70278356?
2, 71, 131, 1889
List the prime factors of 7738614215.
5, 19, 373, 218389
What are the prime factors of 27069342?
2, 3, 1471, 3067
What are the prime factors of 2424658466?
2, 47, 25794239
What are the prime factors of 446870670?
2, 3, 5, 17, 157, 5581
What are the prime factors of 817482575?
5, 7, 13, 131, 211
What are the prime factors of 75138611?
991, 75821
What are the prime factors of 519373685?
5, 103874737
List the prime factors of 39650488.
2, 31, 61, 2621
What are the prime factors of 4776479259?
3, 43, 5519, 6709
What are the prime factors of 426096879?
3, 13, 59, 281, 659
List the prime factors of 103648511.
23, 4506457
What are the prime factors of 2550200437?
1237, 2061601
List the prime factors of 858749497.
858749497
List the prime factors of 1946944361.
1946944361
What are the prime factors of 2118582949?
7, 302654707
What are the prime factors of 285310884?
2, 3, 23775907
List the prime factors of 3947479.
3947479
List the prime factors of 4583459751.
3, 13, 173, 679333
List the prime factors of 2336774794.
2, 2333, 500809
List the prime factors of 433323831.
3, 1453, 99409
What are the prime factors of 27570827?
27570827
What are the prime factors of 979238213?
107, 9151759
What are the prime factors of 2835988248?
2, 3, 3391, 34847
List the prime factors of 231862218.
2, 3, 7, 17, 23, 2017
List the prime factors of 111116344.
2, 79, 109, 1613
List the prime factors of 24118117.
37, 651841
What are the prime factors of 58901557?
11, 13, 277, 1487
What are the prime factors of 70484787?
3, 7831643
List the prime factors of 605109377.
97, 6238241
List the prime factors of 68722197.
3, 59, 157, 2473
What are the prime factors of 93242069?
23, 176261
List the prime factors of 33347336.
2, 11, 17, 22291
List the prime factors of 38118304.
2, 7, 379, 449
What are the prime factors of 892987819?
89, 10033571
List the